inder when 7 is divided by u?
3
Suppose 3*l - 88 = 254. Suppose 5*g - 2*g - l = 0. What is the remainder when g is divided by (-79)/(-6) + (-2)/12?
12
Let y(x) = -x**2 - 9*x + 5. Suppose 0 = -5*h - 4*g + 2 + 2, -g + 1 = 2*h. Suppose -3*u = -h - 21. Calculate the remainder when y(-7) is divided by u.
5
Suppose -112 - 36 = -2*d. What is the remainder when d is divided by 15?
14
Calculate the remainder when 23 is divided by (-5)/(-2)*(-14 + 20).
8
What is the remainder when (-28 + 12)*3/(-4) is divided by 7?
5
Let d(l) be the second derivative of -l**5/4 + l**4/6 + l**3/6 + l**2 - 2*l. Let i be d(2). Let k = i - -60. Calculate the remainder when k is divided by 11.
10
What is the remainder when 35 is divided by ((-234)/(-27))/(8/3 - 2)?
9
Let l(b) = -b**2 - 9*b - 9. What is the remainder when 14 is divided by l(-7)?
4
Let b = 2 - 0. Suppose -3 = -b*p + 23. Calculate the remainder when 38 is divided by p.
12
Let u(h) = -2*h + 2. Let c be u(-1). Suppose 2*x - 25 = -c*g + 39, 3*g - 12 = 0. What is the remainder when 95 is divided by x?
23
Let m = 17 - 11. What is the remainder when 29 is divided by m?
5
Suppose -6*w + 4*w = -16. Calculate the remainder when 12 is divided by w.
4
Let m(i) = 17*i + 1 + 4*i - 3*i. Let l(f) = 2*f**2 + 5*f - 2. What is the remainder when m(1) is divided by l(-4)?
9
Calculate the remainder when (0 + (-10)/4)*-10 is divided by 7.
4
Suppose -v + 146 = -0*v. Suppose a + 48 = 2*g, a - 5*a = 5*g - v. Calculate the remainder when 76 is divided by g.
24
Let j be (-10)/(-6)*(5 + -2). Suppose -j*t = 5*w - 140, 2*w = 9*t - 4*t + 77. Calculate the remainder when w is divided by 11.
9
Suppose -g = -3*g + 28. What is the remainder when 26 is divided by g?
12
Suppose 17*x = 18*x - 36. Calculate the remainder when 139 is divided by x.
31
Let d(l) = -l - 7. Let o be d(6). Let s = o + 91. Suppose -s = -u - u + 5*v, v = 2*u - 94. What is the remainder when u is divided by 17?
15
Let s(r) = r**3 + 7*r**2 - 4*r - 5. What is the remainder when s(-7) is divided by 6?
5
Let m = -31 + 54. Calculate the remainder when m is divided by 8.
7
Let o = 15 + -32. Let u = o - -30. What is the remainder when 23 is divided by u?
10
Let k(m) = m**2 + 2*m - 3. Let h be k(-3). Let z(t) = t**3 + t**2 - t + 7. Let y = -16 + 27. What is the remainder when y is divided by z(h)?
4
Let x(h) = -44*h + 1. Suppose -6*g - 5 = -g. Calculate the remainder when x(g) is divided by 23.
22
Suppose 106 = 3*x - 74. What is the remainder when x is divided by 18?
6
Suppose 2*b + 99 = 5*b. Let i = b - 21. Calculate the remainder when (-17)/(-1 - 2/(-4)) is divided by i.
10
Let k be (-2)/(-3) - 30/(-9). Let q be (18/k)/((-5)/10). What is the remainder when (q - -7)/(2/(-38)) is divided by 10?
8
Let l be (-1)/6 - 95/(-30). Suppose -d - 4*d = -l*b - 48, -3*d + 40 = b. Calculate the remainder when 34 is divided by d.
10
What is the remainder when 8/52 + (-802)/(-26) is divided by 12?
7
Let y = -6 + 16. Calculate the remainder when y is divided by 6.
4
Let c = 36 + 7. Calculate the remainder when 168 is divided by c.
39
Let u be (6/(-4))/((-39)/104). Suppose 2*l = u*v + 28, v + 8 = 4*l + 5*v. Calculate the remainder when 17 is divided by l.
5
Let j = -21 - -37. Let x(m) = -m**2 + 1. Let a be x(-2). Let i = 6 - a. What is the remainder when j is divided by i?
7
Suppose r + 4*m + 8 = 0, 0 = -3*m + 8*m + 15. Calculate the remainder when 42 is divided by (54 - 2)/r - -2.
12
Let g = -1 - -1. Suppose 0*u - 4*u + 8 = g. Suppose 2*s = 3*b + 72, 7*s - 4*b = u*s + 180. What is the remainder when s is divided by 19?
17
Suppose 5*c - 10 - 5 = 0. Suppose -c*l = -3 - 30. Calculate the remainder when 20 is divided by l.
9
Suppose -c + 0*c + 3 = 0. Suppose 0 = c*l, -55 + 1 = 2*m + 3*l. What is the remainder when 41 is divided by (-384)/m - (-4)/(-18)?
13
Calculate the remainder when 28/(-98) + (-326)/(-14) is divided by 6.
5
Let b = -18 + 26. Let y(q) = q**2 - 2*q + 5. What is the remainder when y(4) is divided by b + (1 - 1 - 1)?
6
Suppose z + 28 = -z. Let a = -12 - z. What is the remainder when a is divided by 1?
0
Let s(t) = -t**3 + 4*t**2 + t - 1. Suppose -2*d + 4 = -d. Suppose -8*l + 16 = -d*l. What is the remainder when s(l) is divided by 2?
1
Suppose -2*g = 0, -2*q - 5*g - 2 = -3*g. Let y(b) = 3*b**2 + 1 + b + b**2 + b**2. What is the remainder when 14 is divided by y(q)?
4
Suppose -o - 2*o + 4*w = -101, -5*o - 5*w = -145. Calculate the remainder when o is divided by 17.
14
Let q(v) = v**2 - 6*v - 9. Let f be q(7). What is the remainder when 12 is divided by (0 + f)/(4/(-14))?
5
Let g = 8 + 5. What is the remainder when 50 is divided by g?
11
Suppose -2*k + 110 = -2*z, -k + 42 + 13 = -5*z. What is the remainder when 109 is divided by k?
54
Suppose 4*l - 65 = -9. Calculate the remainder when 65 is divided by l.
9
Suppose 5*k - 298 - 12 = -5*l, k - 3*l = 78. What is the remainder when k is divided by 17?
15
Let g = 21 + -20. Suppose -5*u + u + 28 = -4*b, u - 3*b - g = 0. Calculate the remainder when 36 is divided by u.
6
Let i = 7 + 8. What is the remainder when 57 is divided by i?
12
Let s = -40 - -53. What is the remainder when s is divided by 7?
6
Suppose 0 = 15*i - 3*i - 240. Calculate the remainder when i is divided by 6.
2
Suppose -o = -7 - 15. Calculate the remainder when ((-33)/o)/((-6)/28) is divided by 5.
2
Let y(k) = -5*k - 2*k + 2*k - 8 + 4*k. What is the remainder when 4 is divided by y(-10)?
0
Let s be ((-4)/5)/((-2)/10). Suppose 5*m + 2 = s*r, -2*r - r = 3*m - 15. What is the remainder when 65 is divided by 1*(88/2)/m?
21
Let q(u) = 6*u - 14. Let t be ((-8)/(-3))/(4/6). What is the remainder when 27 is divided by q(t)?
7
Suppose -s = 3*s - 60. Let m(f) = -6*f + 27. Calculate the remainder when m(-10) is divided by s.
12
Let b(s) = -s**3 - 4*s**2 - s - 1. Let d be b(-4). Suppose 0*m - 30 = -d*m. Suppose 7*z - 81 = 115. What is the remainder when z is divided by m?
8
Suppose 4*b - 19 - 109 = 0. Suppose -2*p = 3*p + 30. Let m(n) = -3*n - 7. What is the remainder when b is divided by m(p)?
10
Suppose -4*j + 2*j - 5*c + 3 = 0, j = -3*c + 1. Calculate the remainder when j is divided by 2.
0
Suppose -22 = 2*z - 2*j, 5*j = -5*z + 1 - 26. Let h = z + 18. What is the remainder when 28 is divided by h?
8
Let z(i) = -2*i + 2. Let m be z(-6). Let l = 33 - m. What is the remainder when 73 is divided by l?
16
What is the remainder when 3000/44 + (-4)/22 is divided by 35?
33
Let c = 3 - -6. What is the remainder when (-2)/c - (-40)/18 is divided by 1?
0
Let n be ((-9)/6)/3*-2. Calculate the remainder when (-2 - n) + -2 + 28 is divided by 13.
10
Suppose 0 = -2*k - k + 18. Suppose -5*b - 8 = -23. Calculate the remainder when k is divided by b.
0
Suppose -18*y + 8*y + 60 = 0. Calculate the remainder when 16 is divided by y.
4
Let h(l) = l**3 - 12*l**2 + 2*l. Calculate the remainder when 118 is divided by h(12).
22
Let r(i) = -7*i + 62. Let s(v) = v**2 + 2*v - 7. Calculate the remainder when r(-3) is divided by s(5).
27
Let f be (4 + (-3)/1)*0. Let o(v) = v - 9. Let x be o(f). Let i(t) = -4*t - 9. What is the remainder when i(x) is divided by 14?
13
Suppose 5*y - b - 229 = -3*b, -4*b = -4*y + 200. Calculate the remainder when y is divided by 16.
15
Suppose -5*d = o + o + 12, 0 = 5*d - 5*o + 40. Let c be -4*(-2)/d*6. Let v = c - -34. Calculate the remainder when 65 is divided by v.
21
Let r be 117/4*(-4 - -12). Suppose 5*v + 54 - r = 0. Suppose -u + 3*x + v = 0, 2*u - 4*x = -u + 118. What is the remainder when u is divided by 22?
20
Suppose 110*u + 104 = 123*u. What is the remainder when 30 - (0 + 2/(-2)) is divided by u?
7
Suppose -4*f - 17 = -2*g + 211, 0 = -5*g - 4*f + 514. Calculate the remainder when g is divided by 36.
34
Suppose -2*m = -6*m + 292. Suppose -2*g = -4*u + 74, -u + 24 - 4 = g. Calculate the remainder when m is divided by u.
16
Suppose -5*y = -95 - 95. Calculate the remainder when y is divided by (5/(-10))/(3/(-78)).
12
Let o(c) = -c**2 + 9*c - 2. Let k be o(8). Let v be 22/k - 1/(-3). Suppose 0 = v*b + 8 + 12, -b - 45 = -4*j. What is the remainder when j is divided by 4?
2
Let r = -27 + 59. Suppose -3*z - 2*y + 26 = -0*y, -4*z - 2*y = -r. What is the remainder when 11 is divided by z?
5
Let x = 2 - -3. What is the remainder when 14 is divided by x?
4
Let s(d) = d**3 - 7*d**2 +